est common divisor of 3389 and 450699721?
3389
What is the greatest common divisor of 66 and 1624798857?
33
What is the highest common factor of 243912 and 456192?
24
What is the greatest common divisor of 18640947 and 663?
39
What is the highest common divisor of 1367946 and 36?
18
What is the greatest common factor of 19860 and 385206215?
1655
What is the greatest common factor of 117 and 497014245?
117
Calculate the highest common factor of 527 and 39363619.
17
Calculate the highest common factor of 3652 and 12727552.
332
What is the greatest common divisor of 131859 and 2171637?
2691
What is the highest common factor of 1583820 and 34125?
105
Calculate the highest common factor of 29821618 and 86.
86
Calculate the highest common factor of 162 and 19043118.
18
Calculate the highest common divisor of 4986 and 10229202.
18
What is the greatest common divisor of 107 and 570969227?
107
What is the highest common factor of 60 and 6569898?
6
What is the highest common factor of 1442294 and 48209?
497
Calculate the greatest common factor of 153869201 and 57.
19
Calculate the highest common divisor of 49220 and 27299980.
2140
Calculate the highest common divisor of 144 and 403081830.
18
Calculate the highest common factor of 178139 and 70323796.
13703
What is the greatest common factor of 138891 and 8745987?
2073
Calculate the highest common factor of 701097732 and 54.
18
What is the highest common divisor of 17006 and 181774042?
1546
What is the greatest common factor of 22 and 41667406?
22
Calculate the highest common factor of 22418154 and 78678.
2538
What is the greatest common factor of 175112 and 2279?
53
Calculate the highest common factor of 20 and 151808165.
5
What is the highest common divisor of 28304743 and 621?
23
What is the highest common divisor of 5861553 and 131619?
1803
Calculate the greatest common factor of 28 and 66635030.
14
Calculate the greatest common factor of 4 and 25849196.
4
Calculate the greatest common factor of 5508874 and 2278.
134
What is the highest common divisor of 4114405080 and 24?
24
What is the greatest common divisor of 431262 and 11362?
494
What is the highest common divisor of 82 and 293144834?
82
What is the greatest common factor of 1230 and 134542110?
30
What is the greatest common divisor of 515004252 and 42?
42
Calculate the highest common divisor of 22113 and 2253888.
819
Calculate the greatest common factor of 345757815 and 30.
15
What is the greatest common factor of 9518 and 93986?
2
What is the greatest common factor of 531388 and 1211416?
3716
Calculate the greatest common factor of 690322 and 19178.
86
Calculate the greatest common divisor of 1732857 and 95.
19
What is the greatest common divisor of 123 and 187080?
3
Calculate the greatest common factor of 80476 and 79532.
236
What is the highest common factor of 23 and 325833479?
23
What is the greatest common divisor of 11714328 and 36?
36
What is the highest common factor of 7852 and 680683991?
1963
What is the greatest common divisor of 254364715 and 5?
5
What is the greatest common factor of 1065 and 414345?
15
Calculate the highest common divisor of 3401294 and 6148.
58
Calculate the greatest common divisor of 5655000 and 130.
130
Calculate the greatest common divisor of 216923 and 275639.
1631
What is the greatest common factor of 571083120 and 7780?
7780
What is the greatest common factor of 1563088 and 1024?
16
What is the greatest common factor of 5719 and 60079901?
301
Calculate the greatest common divisor of 224666 and 2899.
13
Calculate the highest common divisor of 184680 and 6935.
95
What is the greatest common divisor of 233 and 302207291?
233
What is the highest common factor of 3030274 and 247?
13
What is the highest common factor of 146960 and 59728?
16
What is the greatest common factor of 3102 and 7508109?
141
What is the greatest common divisor of 212162034 and 13964?
6982
Calculate the greatest common divisor of 3025 and 72127.
11
What is the greatest common divisor of 19350 and 194661?
387
Calculate the greatest common factor of 52 and 409842628.
52
What is the greatest common divisor of 281 and 20252513?
281
Calculate the highest common factor of 3085023 and 1776.
111
What is the greatest common factor of 1265229 and 18277?
49
What is the highest common divisor of 26963 and 4271659?
59
What is the greatest common factor of 620 and 3968260?
20
Calculate the greatest common factor of 11 and 517315293.
11
Calculate the greatest common factor of 1286 and 45600274.
1286
What is the greatest common divisor of 967595 and 7184?
449
Calculate the greatest common divisor of 33558 and 657342.
1974
Calculate the greatest common divisor of 30554667 and 957.
33
Calculate the greatest common divisor of 5267 and 210818.
23
Calculate the greatest common factor of 5700 and 112091450.
950
What is the highest common factor of 33760232 and 1496?
1496
What is the highest common divisor of 15326415 and 1620?
405
Calculate the highest common divisor of 2887143 and 378.
21
Calculate the highest common divisor of 767091276 and 2408.
1204
What is the greatest common factor of 978 and 748938?
6
What is the highest common factor of 4876 and 467672?
212
What is the highest common factor of 37579234 and 1078?
154
Calculate the greatest common factor of 1087065 and 459.
153
Calculate the highest common divisor of 9198 and 6805498.
1022
What is the highest common factor of 9754005 and 105?
15
What is the highest common divisor of 3526 and 1505086?
86
Calculate the greatest common divisor of 17196823 and 138824.
17353
What is the greatest common factor of 360 and 2164992?
24
Calculate the highest common divisor of 315 and 8837703.
63
Calculate the highest common divisor of 57 and 92745.
3
What is the highest common factor of 1179 and 1862522892?
1179
Calculate the highest common divisor of 15456 and 8214192.
336
Calculate the highest common factor of 645 and 3637905.
15
Calculate the highest common factor of 3196962 and 20367.
657
Calculate the greatest common factor of 1474176 and 1452.
132
What is the greatest common divisor of 4502482 and 3126?
1042
Calculate the highest common factor of 1897825 and 125.
25
What is the highest common factor of 3052238 and 8050?
322
Calculate the highest common divisor of 18629219 and 14.
7
Calculate the highest common factor of 12823566 and 244622.
1414
What is the highest common factor of 2016 and 3981920?
32
What is the highest common divisor of 218457 and 3880983?
2697
Calculate the greatest common divisor of 99356469 and 188503.
3847
Calculate the greatest common factor of 51092 and 14741247.
241
What is the highest common divisor of 64827 and 2727?
27
What is the highest common factor of 183960 and 1956?
12
What is the highest common divisor of 18049193 and 5678?
167
Calculate the greatest common divisor of 1104 and 5321328.
48
Calculate the highest common factor of 617270 and 6885.
85
What is the greatest common factor of 18397093 and 1651?
1651
What is the greatest common factor of 5002077 and 3?
3
Calculate the highest common divisor of 1304121 and 6744.
843
What is the highest common divisor of 143280 and 14640?
240
What is the highest common divisor of 45663092 and 8?
4
Calculate the highest common divisor of 31124 and 4557.
31
Calculate the highest common divisor of 8132933 and 37.
37
Calculate the greatest common divisor of 4030 and 25273170.
130
What is the highest common factor of 168682 and 2921?
23
What is the greatest common divisor of 311083 and 986?
493
What is the highest common divisor of 111 and 127995099?
111
What is the greatest common factor of 170 and 19427345?
85
What is the greatest common factor of 6776 and 1376012?
484
What is the greatest common factor of 8911718 and 20528?
2566
What is the greatest common factor of 176825 and 1463?
11
What is the greatest common divisor of 24614 and 27490662?
794
What is the greatest common divisor of 907710 and 21?
3
Calculate the highest common factor of 116089940 and 2785.
2785
Calculate the highest common factor of 154 and 143430.
14
Calculate the highest common divisor of 3 and 22342881.
3
Calculate the greatest common factor of 1866317 and 629.
37
What is the highest common divisor of 2252695 and 35?
5
What is the highest common factor of 